{"id":1239,"date":"2022-05-30T12:26:34","date_gmt":"2022-05-30T10:26:34","guid":{"rendered":"https:\/\/www.konvergencie.sk\/shop\/?post_type=product&#038;p=1239"},"modified":"2025-12-07T14:06:35","modified_gmt":"2025-12-07T13:06:35","slug":"olivier-messiaen-quatuor-pour-la-fin-du-temps-kvarteto-na-koniec-casu","status":"publish","type":"product","link":"https:\/\/www.konvergencie.sk\/shop\/produkt\/olivier-messiaen-quatuor-pour-la-fin-du-temps-kvarteto-na-koniec-casu\/","title":{"rendered":"Olivier MESSIAEN: Quatuor pour la fin du Temps \/ Kvarteto na koniec \u010dasu"},"content":{"rendered":"<p><strong>Viac o titule<\/strong><\/p>\n<p>Kvarteto na koniec c\u030casu (Quatour pour la fin du temps), ktore\u0301 Olivier Messiaen (1908-1992) skomponoval poc\u030cas 2. svetovej vojny v zajateckom t\u00e1bore v Go\u0308rlitzi je ins\u030cpirovane\u0301 apokalypticky\u0301mi textami z 10. kapitoly Zjavenia sv. Ja\u0301na. Premi\u00e9ru malo 14. 1. 1941, na ktorej sa zu\u0301c\u030castnilo 500 zajatcov a pracovni\u0301kov ta\u0301bora. Netradic\u030cna\u0301 zostava kvarteta vznikla z moz\u030cnosti\u0301 hudobni\u0301kov v ta\u0301bore. Toto silne\u0301 a nadc\u030casove\u0301 dielo sme na Konvergencia\u0301ch uviedli uz\u030c trikra\u0301t. Po mimoriadne vydarenej produkcii v roku 2019 v koncertnej sieni Klarisky, ktoru\u0301 ocenila i odborna\u0301 kritika, sme sa rozhodli dielo spracovat\u030c a zverejnit\u030c. V c\u030case, ked\u030c sme zac\u030cali pla\u0301novat\u030c vydanie tohto diela na CD, prebiehali nas\u030ce aktivity a z\u030civoty bez za\u0301vaz\u030cnejs\u030ci\u0301ch narus\u030ceni\u0301. Paradoxne, pra\u0301ve v su\u0301c\u030casnej situa\u0301cii v su\u0301vislosti s izola\u0301ciou a obmedzeniami spo\u0302sobeny\u0301mi pande\u0301miou a\u00a0aktu\u00e1lne aj vojnou v\u00a0susednej Ukrajine a\u00a0dopadom t\u00fdchto udalost\u00ed na kultu\u0301ru, umenie a celu\u0301 spoloc\u030cnost\u030c, sa pra\u0301ve toto dielo, javi\u0301 ako mimoriadne aktu\u00e1lne. Skladbu nas\u030ctudovali dlhodobi\u0301 spolupracovni\u0301ci Konvergencii\u0301, popredni\u0301 slov interpreti: husle Peter Biely, klarinet Ronald S\u030cebesta, klavi\u0301r Nora Skuta a violonc\u030celo Jozef Lupta\u0301k.<\/p>\n<p>\u201eMysl\u00edm si, \u017ee nie je adekv\u00e1tnej\u0161\u00ed \u010das hra\u0165, po\u010d\u00fava\u0165 alebo vyd\u00e1va\u0165 CD titul s\u00a0hudbou <em>Kvarteta na koniec \u010dasu<\/em> Oliviera Messiaena ako pr\u00e1ve teraz, ke\u010f sa v Eur\u00f3pe deje agres\u00edvny \u00fatok rusk\u00fdch vojsk a\u00a0Putinovho re\u017eimu na slobodu auton\u00f3mnej Ukrajiny. Ocitli sme sa v\u00a0\u010dase vojny, ktor\u00e1 op\u00e4\u0165 dramaticky men\u00ed svet. Messiaen nap\u00edsal t\u00fato apokalyptick\u00fa kompoz\u00edciu v\u00a0\u010dase jeho pobytu v zajateckom t\u00e1bore po\u010das 2. svetovej vojny. A pravdepodobne pre\u017e\u00edval strachy, dezil\u00fazie a\u00a0sm\u00fatky a\u00a0\u017eil v\u00a0podobnej existenci\u00e1lnej tiesni ako\u00a0ukrajinsk\u00fd \u013eud v\u00a0dne\u0161n\u00fdch d\u0148och.\u201c<\/p>\n<p>Jozef LUPT\u00c1K, marec 2022<\/p>\n<hr \/>\n<p><strong>Album obsahuje:<\/strong>\u00a0hudobn\u00e9 <u>CD<\/u>, booklet, k\u00f3d na stiahnutie audios\u00faborov<\/p>\n<p><strong>Skladate\u013e:<\/strong> Olivier Messiaen (1908-1992)<\/p>\n<p><strong>Interpreti:<\/strong> Ronald \u0160EBESTA klarinet, Peter BIELY husle, Jozef LUPT\u00c1K violon\u010delo, Nora SKUTA klav\u00edr<\/p>\n<p><strong>Vydavate\u013e:<\/strong> Konvergencie, 2022<\/p>\n<p><strong>Ed\u00edcia:<\/strong> Konvergencie LIVE<\/p>\n<p><strong>SOZA &#8211; BIEM:<\/strong> 1749-009-2<\/p>\n<p><strong>EAN:<\/strong> 8588006338065<\/p>\n<p><strong>nahr\u00e1vka \/ recording engineer: <\/strong>Martin \u010cema, Cobra Sound<\/p>\n<p><strong>mix &amp; mastering: <\/strong>Martin \u010cema \/ Jozef Lupt\u00e1k \/ Andrej \u0160uba<\/p>\n<hr \/>\n<p><strong>Zoznam skladieb<\/strong><\/p>\n<p><strong>Olivier Messiaen <\/strong><em>(1908-1992)<\/em><\/p>\n<p><strong><em>Quatuor pour la fin du Temps (Kvarteto na koniec \u010dasu \/ Quartet for the End of Time)<\/em><\/strong><\/p>\n<p>I. Liturgie de cristal (Liturgia kri\u0161t\u00e1\u013eu \/ Crystal Liturgy) \/ 2:37<\/p>\n<p>II. Vocalise, pour l&#8217;Ange qui annonce la fin du Temps (Spev pre anjela ohlasuj\u00faceho koniec \u010dasu \/ Vocalise, for the Angel Announcing the End of Time) \/ 5:49<\/p>\n<p>III. Ab\u00eeme des oiseaux (Priepas\u0165 vt\u00e1kov \/ The Abyss of the Birds) \/ 7:30<\/p>\n<p>IV. Interm\u00e8de (Interl\u00fadium \/ Interlude) \/ 1:47<\/p>\n<p>V. Louange \u00e0 l&#8217;\u00c9ternit\u00e9 de J\u00e9sus (Chv\u00e1la Je\u017ei\u0161ovej ve\u010dnosti \/ Praise to the Eternity of Jesus) \/ 8:23<\/p>\n<p>VI. Danse de la fureur, pour les sept trompettes (Z\u00fariv\u00fd tanec pre sedem tr\u00fabiek \/ Dance of Wrath, for the Seven Trumpets) \/ 6:22<\/p>\n<p>VII. Fouillis d&#8217;arcs-en-ciel, pour l&#8217;Ange qui annonce la fin du Temps ( Nebesk\u00e1 d\u00faha pre anjela ohlasuj\u00faceho koniec \u010dasu \/ Tangle of Rainbows, for the Angel Announcing the End of Time) \/ 8:02<\/p>\n<p>VIII. Louange \u00e0 l&#8217;Immortalit\u00e9 de J\u00e9sus (Chv\u00e1la Je\u017ei\u0161ovej nesmrte\u013enosti \/ In Praise of the Immortality of Jesus) \/ 10:49<\/p>\n","protected":false},"excerpt":{"rendered":"<p><strong>(CD, hudba)<\/strong><\/p>\n<p><strong><u>Konvergencie LIVE<\/u><\/strong><\/p>\n<p>nahr\u00e1vka z koncertu v k;oncertnej sieni Klarisky v Bratislave 20. 9. 2019 po\u010das 20. ro\u010dn\u00edka medzin\u00e1rodn\u00e9ho festivalu komornej hudby Konvergencie<\/p>\n<p><a class=\"gombik\" href=\"https:\/\/konvergencie.bandcamp.com\/album\/quatuor-pour-la-fin-du-temps\">K\u00fapi\u0165 digit\u00e1lny album<\/a><\/p>\n","protected":false},"featured_media":1982,"template":"","meta":[],"product_brand":[],"product_cat":[16],"product_tag":[],"class_list":{"0":"post-1239","1":"product","2":"type-product","3":"status-publish","4":"has-post-thumbnail","6":"product_cat-cd","8":"first","9":"instock","10":"shipping-taxable","11":"purchasable","12":"product-type-simple"},"supplier_id":null,"supplier_sku":"","barcode":null,"atum_controlled":true,"out_stock_date":null,"out_stock_threshold":null,"inheritable":false,"inbound_stock":0,"stock_on_hold":0,"sold_today":0,"sales_last_days":0,"reserved_stock":0,"customer_returns":0,"warehouse_damage":0,"lost_in_post":0,"other_logs":0,"out_stock_days":0,"lost_sales":0,"has_location":false,"update_date":"2026-04-28T23:23:51","atum_locations":[],"atum_stock_status":"instock","restock_status":false,"low_stock_amount":5,"sales_update_date":"2026-04-28T23:23:51","calc_backorders":null,"_links":{"self":[{"href":"https:\/\/www.konvergencie.sk\/shop\/wp-json\/wp\/v2\/product\/1239","targetHints":{"allow":["GET"]}}],"collection":[{"href":"https:\/\/www.konvergencie.sk\/shop\/wp-json\/wp\/v2\/product"}],"about":[{"href":"https:\/\/www.konvergencie.sk\/shop\/wp-json\/wp\/v2\/types\/product"}],"wp:featuredmedia":[{"embeddable":true,"href":"https:\/\/www.konvergencie.sk\/shop\/wp-json\/wp\/v2\/media\/1982"}],"wp:attachment":[{"href":"https:\/\/www.konvergencie.sk\/shop\/wp-json\/wp\/v2\/media?parent=1239"}],"wp:term":[{"taxonomy":"product_brand","embeddable":true,"href":"https:\/\/www.konvergencie.sk\/shop\/wp-json\/wp\/v2\/product_brand?post=1239"},{"taxonomy":"product_cat","embeddable":true,"href":"https:\/\/www.konvergencie.sk\/shop\/wp-json\/wp\/v2\/product_cat?post=1239"},{"taxonomy":"product_tag","embeddable":true,"href":"https:\/\/www.konvergencie.sk\/shop\/wp-json\/wp\/v2\/product_tag?post=1239"}],"curies":[{"name":"wp","href":"https:\/\/api.w.org\/{rel}","templated":true}]}}