{"id":1345,"date":"2022-05-30T18:00:34","date_gmt":"2022-05-30T16:00:34","guid":{"rendered":"https:\/\/www.konvergencie.sk\/shop\/?post_type=product&#038;p=1345"},"modified":"2025-12-02T21:17:05","modified_gmt":"2025-12-02T20:17:05","slug":"music-for-a-while-romina-basso-alberto-mesirca-4","status":"publish","type":"product","link":"https:\/\/www.konvergencie.sk\/shop\/en\/produkt\/music-for-a-while-romina-basso-alberto-mesirca-4\/","title":{"rendered":"Music for a While \/ Romina Basso &#038; Alberto Mesirca"},"content":{"rendered":"<p><strong>More about the title<\/strong><\/p>\n<p>Music for a while. Music for this moment, for this moment. Music to bring joy, music to bring relief, music to chase away demons. Although Henry Purcell&#8217;s famous song, made famous by Alfred Deller in the 20th century, is not heard on Romina Basso and Alberto Mesirca&#8217;s recording, it is part of it. The songs of the Baroque masters are not (only) a fascinating musical travelogue through distant lands in ancient times. As the album&#8217;s subtitle says, they are a journey through the lands of the human soul. They also remind us of the epitaph Kurt Vonnegut longed for: &#8218;The only proof he needed of the existence of God was music&#8216;. Music for a while. Music that can stop time. Music that knows no time. Also thanks to the art of Romina Basso and Alberto Mesirca.<\/p>\n<p>Andrej \u0160UBA, May 2022<\/p>\n<hr \/>\n<p>The programme Music for a While (Romina Basso &#8211; vocals, Alberto Mesirca &#8211; guitar, baroque guitar) was prepared especially for Konvergencie and performed at the 2019 festival. The Italian mezzo-soprano Romina Basso is one of the sought-after specialists in so-called early music and, thanks to her artistry and originality, is ranked among the most prominent figures in this field. Her art can be encountered on the most prestigious labels in the world. The recital with Alberto Mesirco (guitar, baroque guitar) at the Konvergencie Festival consisted of works by Renaissance and Baroque composers (Dowland, Frescobaldi, Narv\u00e1ez, Mar\u00edn, Sanz) and Sephardic songs. It is rare for artistic personalities of Romina Basso&#8217;s calibre to release their recordings in Slovakia, so we are honoured to have been given this opportunity and trust by the performers.<\/p>\n<p><strong>The album includes:<\/strong> music CD, booklet, download code for audio files<\/p>\n<p><strong>Authors:<\/strong> John Dowland, Girolamo Frescobaldi, Josquin des Prez, Luys de Narv\u00e1ez, Jos\u00e9 Mar\u00edn, Gaspar Sanz, Juan Hidalgo, Traditional Saefard<\/p>\n<p><strong>Performers:<\/strong> Romina Basso (IT) &#8211; vocals, Alberto Mesirca (IT) &#8211; guitar, baroque guitar<\/p>\n<p><strong>Publisher:<\/strong> Konvergencie, 2022<\/p>\n<p><strong>Edition:<\/strong> Konvergencie LIVE<\/p>\n<p><strong>SOZA &#8211; BIEM:<\/strong> 1749-010-2<\/p>\n<p><strong>EAN:<\/strong> 8 588006 338089<\/p>\n<p><strong>recording \/ recording engineer: <\/strong>Martin \u010cema, Cobra Sound<\/p>\n<p><strong>mix &amp; mastering: <\/strong>Martin \u010cema \/ Jozef Lupt\u00e1k \/ Andrej \u0160uba \/ Alberto Mesirca<\/p>\n<hr \/>\n<p><strong>Track list<\/strong><\/p>\n<ol>\n<li>John Dowland (1563 &#8211; 1626): Come again 03:12<\/li>\n<li>John Dowland: If my complaints 03:19<\/li>\n<li>John Dowland: Praeludium 00:55<\/li>\n<li>John Dowland: The Most Sacred Queen Elizabeth, Her Galliard 01:12<\/li>\n<li>John Dowland: Time stands still 04:21<\/li>\n<li>Girolamo Frescobaldi (1583 &#8211; 1643): Cos\u00ec mi disprezzate 04:51<\/li>\n<li>Girolamo Frescobaldi: O mio cor 04:16<\/li>\n<li>Girolamo Frescobaldi: Aria con variazioni detta &#8222;La Frescobalda&#8220; 02:56<\/li>\n<li>Josquin des Prez (c1450-55 &#8211; 1521): Mille regretz 02:20<\/li>\n<li>Luys de Narv\u00e1ez (fl1526 &#8211; 1549): Canci\u00f3n del Emperador 03:11<\/li>\n<li>Jos\u00e9 Mar\u00edn (1618\/19 &#8211; 1699): Que dulcemente suena 02:18<\/li>\n<li>Jos\u00e9 Mar\u00edn: Ojos, pues me desde\u00f1ais 05:03<\/li>\n<li>Gaspar Sanz (mid 17th century &#8211; early 18th century): Canarios 02:11<\/li>\n<li>Gaspar Sanz: Pavana 01:36<\/li>\n<li>Gaspar Sanz: J\u00e1caras 01:51<\/li>\n<li>Traditional Sephardic: Nani, Nani 06:15<\/li>\n<li>Juan Hidalgo (1614 &#8211; 1685): S\u00f3lo es querer 06:17<\/li>\n<\/ol>\n<p>&nbsp;<\/p>\n","protected":false},"excerpt":{"rendered":"<p><strong>(CD, music)<\/strong><\/p>\n<p><strong>Konvergencie LIVE<\/strong><\/p>\n<p>recording from the concert in the Klarisky concert hall in Bratislava on 20 September 2019 during the 20th International Chamber Music Festival Konvergencie<\/p>\n<p><a class=\"gombik\" href=\"https:\/\/konvergencie.bandcamp.com\/album\/music-for-a-while\">Buy digital album<\/a><\/p>\n","protected":false},"featured_media":1955,"template":"","meta":[],"product_brand":[],"product_cat":[54],"product_tag":[],"class_list":{"0":"post-1345","1":"product","2":"type-product","3":"status-publish","4":"has-post-thumbnail","6":"product_cat-cd-en","8":"first","9":"instock","10":"shipping-taxable","11":"purchasable","12":"product-type-simple"},"supplier_id":null,"supplier_sku":"","barcode":null,"atum_controlled":true,"out_stock_date":null,"out_stock_threshold":null,"inheritable":false,"inbound_stock":0,"stock_on_hold":0,"sold_today":0,"sales_last_days":0,"reserved_stock":0,"customer_returns":0,"warehouse_damage":0,"lost_in_post":0,"other_logs":0,"out_stock_days":0,"lost_sales":0,"has_location":false,"update_date":"2026-04-28T23:23:52","atum_locations":[],"atum_stock_status":"instock","restock_status":false,"low_stock_amount":1,"sales_update_date":"2026-04-28T23:23:52","calc_backorders":null,"_links":{"self":[{"href":"https:\/\/www.konvergencie.sk\/shop\/wp-json\/wp\/v2\/product\/1345","targetHints":{"allow":["GET"]}}],"collection":[{"href":"https:\/\/www.konvergencie.sk\/shop\/wp-json\/wp\/v2\/product"}],"about":[{"href":"https:\/\/www.konvergencie.sk\/shop\/wp-json\/wp\/v2\/types\/product"}],"wp:featuredmedia":[{"embeddable":true,"href":"https:\/\/www.konvergencie.sk\/shop\/wp-json\/wp\/v2\/media\/1955"}],"wp:attachment":[{"href":"https:\/\/www.konvergencie.sk\/shop\/wp-json\/wp\/v2\/media?parent=1345"}],"wp:term":[{"taxonomy":"product_brand","embeddable":true,"href":"https:\/\/www.konvergencie.sk\/shop\/wp-json\/wp\/v2\/product_brand?post=1345"},{"taxonomy":"product_cat","embeddable":true,"href":"https:\/\/www.konvergencie.sk\/shop\/wp-json\/wp\/v2\/product_cat?post=1345"},{"taxonomy":"product_tag","embeddable":true,"href":"https:\/\/www.konvergencie.sk\/shop\/wp-json\/wp\/v2\/product_tag?post=1345"}],"curies":[{"name":"wp","href":"https:\/\/api.w.org\/{rel}","templated":true}]}}