{"id":1660,"date":"2023-12-04T18:55:58","date_gmt":"2023-12-04T17:55:58","guid":{"rendered":"https:\/\/www.konvergencie.sk\/shop\/?post_type=product&#038;p=1660"},"modified":"2025-12-07T14:21:14","modified_gmt":"2025-12-07T13:21:14","slug":"gemeinsame-spielplaetze-lp-2","status":"publish","type":"product","link":"https:\/\/www.konvergencie.sk\/shop\/de\/produkt\/gemeinsame-spielplaetze-lp-2\/","title":{"rendered":"Gemeinsame Spielpl\u00e4tze (LP)"},"content":{"rendered":"<p>Common Playgrounds &#8211; ein Album von einem unvergesslichen Konzert. Slowakische Kinderlieder, das Jazz-Quintett von Tibor Feledi, ein 30-k\u00f6pfiger Chor, ein Streichquartett und ein voller Innenhof des Alten Rathauses in Bratislava &#8211; das war das Konzert &#8222;Common Playgrounds&#8220; beim Konvergencie Festival im Herbst 2022. Die Resonanz war so gro\u00df und die Aufnahme so erfolgreich, dass wir sie Ihnen auf CD und LP pr\u00e4sentieren. Denn von guter Musik kann es nie genug geben.<\/p>\n<p><strong>Mehr \u00fcber den Titel<\/strong><\/p>\n<p>Wir lieben es, wenn etwas Neues und Inspirierendes geschaffen wird. Common Playgrounds bringt verschiedene musikalische und menschliche Ebenen zusammen &#8211; slowakische Volkslieder, moderner Jazz, Streichquartett, Chor &#8211; diese Verbindungen liegen uns bei Konvergencie am Herzen. Wir verbinden uns, um etwas Neues zu schaffen. Beim Festival Konvergencie ist uns das gelungen, das Konzert war so gut gespielt und hatte eine so gute Atmosph\u00e4re, dass wir beschlossen haben, diese Erfahrung weiter zu machen. Wir hoffen, dass Sie diese Musik genauso genie\u00dfen werden wie wir, als wir sie im September 2022 im Innenhof des Alten Rathauses h\u00f6rten.<\/p>\n<p>Jozef LUPT\u00c1K<\/p>\n<p><strong>Lesen Sie die Entstehungsgeschichte auf Startlab, wo es eine Kampagne zur Unterst\u00fctzung der Ver\u00f6ffentlichung des Albums gab<\/strong>:<br \/>\n<a href=\"https:\/\/www.startlab.sk\/projekty\/3315-spolocne-ihriska-album-z-nezabudnutelneho-koncertu\">https:\/\/www.startlab.sk\/projekty\/3315-spolocne-ihriska-album-z-nezabudnutelneho-koncertu<\/a><\/p>\n<p><strong>H\u00f6ren Sie sich Musikbeispiele an<\/strong>: <a href=\"https:\/\/soundcloud.com\/tibor-tibso-feledi\/sets\/spolocne-ihriska-ukazky\">https:\/\/soundcloud.com\/tibor-tibso-feledi\/sets\/spolocne-ihriska-ukazky<\/a><\/p>\n<p><strong>Kaufen Sie das digitale Album<\/strong>: <a href=\"https:\/\/konvergencie.bandcamp.com\/album\/common-playgrounds-live-at-konvergencie-festival-2022\">https:\/\/konvergencie.bandcamp.com\/album\/common-playgrounds-live-at-konvergencie-festival-2022<\/a><\/p>\n<hr \/>\n<p><strong>Titelliste<\/strong><\/p>\n<p><strong>Seite A<\/strong><\/p>\n<ol>\n<li>Mitsinglieder<\/li>\n<li>Es regnet\u00ed<\/li>\n<li>Die Sonne ist aufgewacht<\/li>\n<\/ol>\n<p><strong>Seite B<\/strong><\/p>\n<ol start=\"4\">\n<li>D\u00ednom, d\u00e1nom<\/li>\n<li>Kleiner Vogel<\/li>\n<li>Goldenes Tor<\/li>\n<\/ol>\n<p><strong>LP enth\u00e4lt:<\/strong> Vinyl, Spiel Common Playgrounds, Phenakistoskope, Downloadcode f\u00fcr Audiodateien<\/p>\n<hr \/>\n<p><strong>Herausgeber<\/strong>: Konvergencie, 2023<\/p>\n<p><strong>Ausgabe<\/strong>: Konvergencie LIVE<\/p>\n<p>KONV-LP-01<\/p>\n<p><strong>SOZA &#8211; BIEM<\/strong>: 1749-012-1<\/p>\n<p><strong>EAN<\/strong>: 8588006338003<\/p>\n<hr \/>\n<p><strong>Gemeinsame Spielpl\u00e4tze<\/strong> <em>Common Playgrounds<\/em><\/p>\n<p>Live beim Konvergencie Festival 2022 <em>Live at Konvergencie Festival 2022<\/em><\/p>\n<p><strong>Tibor Feledi Kairos Quintett<\/strong><\/p>\n<p>Tibor Feledi &#8211; Keyboards<br \/>\nLenka Mol\u010d\u00e1nyiov\u00e1 &#8211; Altsaxophon<br \/>\nMichal C\u00e1lik &#8211; Trompete<br \/>\nMichal \u0160elep &#8211; Bassgitarre und Synthesizer<br \/>\nJuraj D\u00e1vid Ra\u0161i &#8211; Schlagzeug<\/p>\n<p>*<\/p>\n<p><strong>Kinder- und M\u00e4dchenchor des Slowakischen Rundfunks<\/strong>, Adrian Koko\u0161 &#8211; Dirigent, k\u00fcnstlerischer Leiter<\/p>\n<p>*<\/p>\n<p>Karol\u00edna Krigovsk\u00e1 &#8211; Geige<br \/>\nTereza Ku\u010derov\u00e1 &#8211; Geige<br \/>\nM\u00e1ria \u0160\u010derb\u00e1kov\u00e1 &#8211; Bratsche<br \/>\nMarcel Petr\u00e1\u0161 &#8211; Violoncello<\/p>\n<p>Komposition und Arrangement: Tibor Feledi<\/p>\n<p><em>Die Erstellung der Arrangements wurde aus \u00f6ffentlichen Mitteln durch den Fonds zur F\u00f6rderung der Kunst unterst\u00fctzt, mit einem finanziellen Beitrag des Musikfonds.<\/em><\/p>\n<p>Aufnahme: Martin \u010cema \/ Cobra Sound<br \/>\nMix &amp; mastering: Martin \u010cema, Tibor Feledi<br \/>\nIllustration: Nat\u00e1lia Feledi Rakov\u00e1<br \/>\nGestaltung &amp; Layout: Jakub Mikula<br \/>\nProduktion: Konvergencie &#8211; spolo\u010dnos\u0165 pre komorn\u00e9 umenie, o.z.<\/p>\n","protected":false},"excerpt":{"rendered":"<p><strong>(LP, Musik)<\/strong><\/p>\n<p><strong>Konvergencie LIVE<\/strong><\/p>\n<p>Mitschnitt des Konzerts vom 24. September 2022 im Hof des Alten Rathauses im Rahmen des 23. Internationalen Kammermusikfestivals Konvergencie<\/p>\n<p><a class=\"gombik\" href=\"https:\/\/konvergencie.bandcamp.com\/album\/common-playgrounds-live-at-konvergencie-festival-2022\">Digitales Album kaufen<\/a><\/p>\n","protected":false},"featured_media":1971,"template":"","meta":[],"product_brand":[],"product_cat":[613],"product_tag":[],"class_list":{"0":"post-1660","1":"product","2":"type-product","3":"status-publish","4":"has-post-thumbnail","6":"product_cat-lp-de","8":"first","9":"instock","10":"shipping-taxable","11":"purchasable","12":"product-type-simple"},"supplier_id":null,"supplier_sku":"","barcode":null,"atum_controlled":true,"out_stock_date":null,"out_stock_threshold":null,"inheritable":false,"inbound_stock":0,"stock_on_hold":0,"sold_today":0,"sales_last_days":0,"reserved_stock":0,"customer_returns":0,"warehouse_damage":0,"lost_in_post":0,"other_logs":0,"out_stock_days":0,"lost_sales":0,"has_location":false,"update_date":"2026-04-28T23:23:54","atum_locations":[],"atum_stock_status":"instock","restock_status":false,"low_stock_amount":3,"sales_update_date":"2026-04-28T23:23:54","calc_backorders":null,"_links":{"self":[{"href":"https:\/\/www.konvergencie.sk\/shop\/wp-json\/wp\/v2\/product\/1660","targetHints":{"allow":["GET"]}}],"collection":[{"href":"https:\/\/www.konvergencie.sk\/shop\/wp-json\/wp\/v2\/product"}],"about":[{"href":"https:\/\/www.konvergencie.sk\/shop\/wp-json\/wp\/v2\/types\/product"}],"wp:featuredmedia":[{"embeddable":true,"href":"https:\/\/www.konvergencie.sk\/shop\/wp-json\/wp\/v2\/media\/1971"}],"wp:attachment":[{"href":"https:\/\/www.konvergencie.sk\/shop\/wp-json\/wp\/v2\/media?parent=1660"}],"wp:term":[{"taxonomy":"product_brand","embeddable":true,"href":"https:\/\/www.konvergencie.sk\/shop\/wp-json\/wp\/v2\/product_brand?post=1660"},{"taxonomy":"product_cat","embeddable":true,"href":"https:\/\/www.konvergencie.sk\/shop\/wp-json\/wp\/v2\/product_cat?post=1660"},{"taxonomy":"product_tag","embeddable":true,"href":"https:\/\/www.konvergencie.sk\/shop\/wp-json\/wp\/v2\/product_tag?post=1660"}],"curies":[{"name":"wp","href":"https:\/\/api.w.org\/{rel}","templated":true}]}}