{"id":2027,"date":"2025-12-04T11:04:41","date_gmt":"2025-12-04T10:04:41","guid":{"rendered":"https:\/\/www.konvergencie.sk\/shop\/?post_type=product&#038;p=2027"},"modified":"2026-03-20T16:08:50","modified_gmt":"2026-03-20T15:08:50","slug":"suznenie-euphony-2","status":"publish","type":"product","link":"https:\/\/www.konvergencie.sk\/shop\/en\/produkt\/suznenie-euphony-2\/","title":{"rendered":"S\u00faznenie &#8211; Euphony | Iva Bittov\u00e1 \u2013 Jozef Lupt\u00e1k \u2013 Boris Lenko \u2013 Branislav Dugovi\u010d (CD, music)"},"content":{"rendered":"<p><strong><u>Konvergencie LIVE<\/u><\/strong><\/p>\n<p>Recording from the concert on September 15, 2024, at the Grand Concert Studio of Slovak Radio during the 25th annual international chamber music festival Konvergencie<\/p>\n<p>S\u00daZNENIE is a meeting of the charismatic Iva Bittov\u00e1 with three Slovak instrumentalists \u2013 cellist Jozef Lupt\u00e1k, clarinetist Branislav Dugovi\u010d and accordionist Boris Lenko \u2013 in a program based on improvisation. Exceptional musical dialogues, inspired by human and artistic closeness, creativity, and the compositional and improvisational experience of each of the musicians, promise an extraordinary experience. A playful, temperamental, fragile, unrepeatable, and uplifting harmony. At the premiere of the program as part of the 25th annual Konvergencie in Bratislava, in addition to the original themes, excerpts from works by J. S. Bach, Arvo P\u00e4rt, Mari\u00e1n Varga, and Astor Piazzolla were also spontaneously performed. Dialogues that need no words, just harmony \u2013 a unique moment you will want to be a part of.<\/p>\n<p><strong>Iva Bittov\u00e1 <\/strong>voice, violin<\/p>\n<p><strong>Jozef Lupt\u00e1k<\/strong>\u00a0 cello, voice, beatbox<\/p>\n<p><strong>Boris Lenko<\/strong> accordion<\/p>\n<p><strong>Branislav Dugovi\u010d<\/strong> clarinet, bass clarinet<\/p>\n<hr \/>\n<p><em>A game for today, yesterday, or anytime tomorrow,<\/em><\/p>\n<p>or<\/p>\n<p><em>A game for today, tomorrow, or anytime yesterday,<\/em><\/p>\n<p>but also<\/p>\n<p><em>A game for tomorrow, when yesterday was today,<\/em><\/p>\n<p>but especially<\/p>\n<p><em>A game with imagination<\/em> in the real environment of music, which we can call Bitt&#8217;s theory of relativity. During it, all the performers on stage exist, that is, they are, but at the same time they sound. In such a simple statement and almost childlike interpretation of the word harmony, however, in the case of Iva Bittov\u00e1, Jozef Lupt\u00e1k, Boris Lenko, and Branislav Dugovi\u010d, there is a magical power of transformation of the materialized energy hidden in each of them into liberating creation.<\/p>\n<p>From the text by Ladislav Snopko in the CD booklet<\/p>\n<hr \/>\n<p><strong>Tracklist<\/strong><\/p>\n<p>S\u00faznenie \u2013 Euphony 1-10<\/p>\n<p><strong>Total time: 37<\/strong><strong>\u2019 27\u2019\u2019<\/strong><\/p>\n<p><strong>The album includes:<\/strong> music CD, booklet, code for downloading audio files<\/p>\n<p><strong>Publisher:<\/strong> Konvergencie, 2025<\/p>\n<p><strong>Edition:<\/strong> Konvergencie LIVE<\/p>\n<p><strong>SOZA &#8211; BIEM:<\/strong> 1749-015-2<\/p>\n<p><strong>EAN:<\/strong> 8588006338133<\/p>\n<p>recording: Stanislav Parizek, SAP Sound<br \/>\nmix &amp; mastering: Igor \u0160tefanat\u00fd \/ Jozef Lupt\u00e1k \/ Boris Lenko in the studio Melody \u017dilina<\/p>\n<p>\u2117 \u00a9 o. z. Konvergencie 2025<\/p>\n<p><a style=\"cursor: pointer !important; user-select: none !important;\" href=\"https:\/\/konvergencie.bandcamp.com\/album\/suznenie-euphony-2\">Link to purchase the digital album<\/a><\/p>\n","protected":false},"excerpt":{"rendered":"<p>Recording from the concert on September 15, 2024, at the Slovak Radio Grand Concert Studio during the 25th edition of the Konvergencie International Chamber Music Festival<\/p>\n","protected":false},"featured_media":2028,"template":"","meta":[],"product_brand":[],"product_cat":[54],"product_tag":[],"class_list":{"0":"post-2027","1":"product","2":"type-product","3":"status-publish","4":"has-post-thumbnail","6":"product_cat-cd-en","8":"first","9":"instock","10":"shipping-taxable","11":"purchasable","12":"product-type-simple"},"supplier_id":null,"supplier_sku":"","barcode":null,"atum_controlled":true,"out_stock_date":null,"out_stock_threshold":null,"inheritable":false,"inbound_stock":null,"stock_on_hold":0,"sold_today":0,"sales_last_days":0,"reserved_stock":null,"customer_returns":null,"warehouse_damage":null,"lost_in_post":null,"other_logs":null,"out_stock_days":0,"lost_sales":0,"has_location":false,"update_date":"2026-04-28T23:23:53","atum_locations":[],"atum_stock_status":"instock","restock_status":false,"low_stock_amount":"","sales_update_date":"2026-04-28T23:23:53","calc_backorders":null,"_links":{"self":[{"href":"https:\/\/www.konvergencie.sk\/shop\/wp-json\/wp\/v2\/product\/2027","targetHints":{"allow":["GET"]}}],"collection":[{"href":"https:\/\/www.konvergencie.sk\/shop\/wp-json\/wp\/v2\/product"}],"about":[{"href":"https:\/\/www.konvergencie.sk\/shop\/wp-json\/wp\/v2\/types\/product"}],"wp:featuredmedia":[{"embeddable":true,"href":"https:\/\/www.konvergencie.sk\/shop\/wp-json\/wp\/v2\/media\/2028"}],"wp:attachment":[{"href":"https:\/\/www.konvergencie.sk\/shop\/wp-json\/wp\/v2\/media?parent=2027"}],"wp:term":[{"taxonomy":"product_brand","embeddable":true,"href":"https:\/\/www.konvergencie.sk\/shop\/wp-json\/wp\/v2\/product_brand?post=2027"},{"taxonomy":"product_cat","embeddable":true,"href":"https:\/\/www.konvergencie.sk\/shop\/wp-json\/wp\/v2\/product_cat?post=2027"},{"taxonomy":"product_tag","embeddable":true,"href":"https:\/\/www.konvergencie.sk\/shop\/wp-json\/wp\/v2\/product_tag?post=2027"}],"curies":[{"name":"wp","href":"https:\/\/api.w.org\/{rel}","templated":true}]}}