{"id":2123,"date":"2025-12-07T12:27:21","date_gmt":"2025-12-07T11:27:21","guid":{"rendered":"https:\/\/www.konvergencie.sk\/shop\/?post_type=product&#038;p=2123"},"modified":"2025-12-07T13:26:20","modified_gmt":"2025-12-07T12:26:20","slug":"grafik-synergie","status":"publish","type":"product","link":"https:\/\/www.konvergencie.sk\/shop\/de\/produkt\/grafik-synergie\/","title":{"rendered":"Grafik \u201eSynergie\u201c (Karol Trnovsk\u00fd, 2025)"},"content":{"rendered":"<p><em>Das Gl\u00fcck beg\u00fcnstigt die Offenherzigen.<\/em><br \/>\n<em>Auch ein einzelner Mensch kann die Welt um uns herum verbessern.<\/em><br \/>\n<em>Und wenn es mehrere sind, geschehen Wunder.<\/em><br \/>\n<em>Das Gute kann bereichernd ansteckend sein,<\/em><br \/>\n<em>wenn die Quellen weise und inspirierend sind.<\/em><br \/>\n<em>Und Offenheit? Das ist unsere Chance, uns zu verbinden.<\/em><\/p>\n<p>Die Grafik Synergie wurde vom Grafikdesigner Karol Trnovsk\u00fd f\u00fcr die 26. Ausgabe des Festivals Konvergencie als visuelle Untermalung der Dramaturgie der Solo-Rezitale entworfen, die wir im M\u00e4rz 2025 pr\u00e4sentiert haben. Die Kraft der Stimme des Einzelnen und die F\u00e4higkeit, sich zu verbinden und Gutes zu schaffen oder zu verbreiten, werden darin in Form von organisch und unendlich miteinander verbundenen Punkten dargestellt.<br \/>\nAuch Sie k\u00f6nnen einer von ihnen sein.<\/p>\n","protected":false},"excerpt":{"rendered":"<p>Erschienen als limitierte Auflage von 50 St\u00fcck.<br \/>\nDie Grafik ist vom Autor signiert.<br \/>\nMa\u00dfe: 297 x 420 mm (A3), Grafikpapier<\/p>\n","protected":false},"featured_media":2176,"template":"","meta":[],"product_brand":[],"product_cat":[609],"product_tag":[],"class_list":{"0":"post-2123","1":"product","2":"type-product","3":"status-publish","4":"has-post-thumbnail","6":"product_cat-grafik","8":"first","9":"instock","10":"shipping-taxable","11":"purchasable","12":"product-type-simple"},"supplier_id":null,"supplier_sku":"","barcode":null,"atum_controlled":true,"out_stock_date":null,"out_stock_threshold":null,"inheritable":false,"inbound_stock":null,"stock_on_hold":0,"sold_today":0,"sales_last_days":0,"reserved_stock":null,"customer_returns":null,"warehouse_damage":null,"lost_in_post":null,"other_logs":null,"out_stock_days":0,"lost_sales":0,"has_location":false,"update_date":"2026-04-30T23:57:33","atum_locations":[],"atum_stock_status":"instock","restock_status":false,"low_stock_amount":0,"sales_update_date":"2026-04-30T23:57:33","calc_backorders":null,"_links":{"self":[{"href":"https:\/\/www.konvergencie.sk\/shop\/wp-json\/wp\/v2\/product\/2123","targetHints":{"allow":["GET"]}}],"collection":[{"href":"https:\/\/www.konvergencie.sk\/shop\/wp-json\/wp\/v2\/product"}],"about":[{"href":"https:\/\/www.konvergencie.sk\/shop\/wp-json\/wp\/v2\/types\/product"}],"wp:featuredmedia":[{"embeddable":true,"href":"https:\/\/www.konvergencie.sk\/shop\/wp-json\/wp\/v2\/media\/2176"}],"wp:attachment":[{"href":"https:\/\/www.konvergencie.sk\/shop\/wp-json\/wp\/v2\/media?parent=2123"}],"wp:term":[{"taxonomy":"product_brand","embeddable":true,"href":"https:\/\/www.konvergencie.sk\/shop\/wp-json\/wp\/v2\/product_brand?post=2123"},{"taxonomy":"product_cat","embeddable":true,"href":"https:\/\/www.konvergencie.sk\/shop\/wp-json\/wp\/v2\/product_cat?post=2123"},{"taxonomy":"product_tag","embeddable":true,"href":"https:\/\/www.konvergencie.sk\/shop\/wp-json\/wp\/v2\/product_tag?post=2123"}],"curies":[{"name":"wp","href":"https:\/\/api.w.org\/{rel}","templated":true}]}}