{"id":2126,"date":"2025-12-07T12:49:45","date_gmt":"2025-12-07T11:49:45","guid":{"rendered":"https:\/\/www.konvergencie.sk\/shop\/?post_type=product&#038;p=2126"},"modified":"2025-12-07T13:25:30","modified_gmt":"2025-12-07T12:25:30","slug":"grafik-widerspruche-in-uns","status":"publish","type":"product","link":"https:\/\/www.konvergencie.sk\/shop\/de\/produkt\/grafik-widerspruche-in-uns\/","title":{"rendered":"Grafik \u201eWiderspr\u00fcche in uns\u201c (Alexander Salontay, 1970)"},"content":{"rendered":"<p>Grafische Reproduktion eines Gem\u00e4ldes des Malers Alexander Salontay, herausgegeben anl\u00e4sslich des Multimedia-Konzerts \u201eZaobraz\u201c des Gitarristen Daniel Salontay beim Festival Konvergencie 2025.<br \/>\nDas Projekt Zaobraz ist die Musik eines Sohnes, inspiriert von den Gem\u00e4lden seines Vaters. Das Gem\u00e4lde \u201eRozpory v n\u00e1s\u201d (Widerspr\u00fcche in uns) aus dem Jahr 1970 reflektiert die Zerrissenheit und die gegens\u00e4tzlichen inneren, pers\u00f6nlichen und \u00e4u\u00dferen gesellschaftlichen Prozesse in einer Zeit des Umbruchs, die der heutigen so sehr \u00e4hnelt.<br \/>\nDie Grafik erschien in limitierter Auflage und es sind nur noch wenige Exemplare verf\u00fcgbar, gedruckt auf Grafikpapier im Lichtdruckverfahren.<br \/>\nDas Werk spiegelt die Zerrissenheit und die widerspr\u00fcchlichen inneren pers\u00f6nlichen und \u00e4u\u00dferen gesellschaftlichen Prozesse in einer Umbruchzeit wider, die der heutigen so sehr \u00e4hnelt.<\/p>\n","protected":false},"excerpt":{"rendered":"<p>Erschienen als limitierte Auflage von 30 St\u00fcck.<br \/>\nMa\u00dfe: 31 x 44 cm, 400 g Grafikpapier<\/p>\n","protected":false},"featured_media":2173,"template":"","meta":[],"product_brand":[],"product_cat":[609],"product_tag":[],"class_list":{"0":"post-2126","1":"product","2":"type-product","3":"status-publish","4":"has-post-thumbnail","6":"product_cat-grafik","8":"first","9":"instock","10":"shipping-taxable","11":"purchasable","12":"product-type-simple"},"supplier_id":null,"supplier_sku":"","barcode":null,"atum_controlled":true,"out_stock_date":null,"out_stock_threshold":null,"inheritable":false,"inbound_stock":null,"stock_on_hold":0,"sold_today":0,"sales_last_days":0,"reserved_stock":null,"customer_returns":null,"warehouse_damage":null,"lost_in_post":null,"other_logs":null,"out_stock_days":0,"lost_sales":0,"has_location":false,"update_date":"2026-04-28T23:23:48","atum_locations":[],"atum_stock_status":"instock","restock_status":false,"low_stock_amount":0,"sales_update_date":"2026-04-28T23:23:48","calc_backorders":null,"_links":{"self":[{"href":"https:\/\/www.konvergencie.sk\/shop\/wp-json\/wp\/v2\/product\/2126","targetHints":{"allow":["GET"]}}],"collection":[{"href":"https:\/\/www.konvergencie.sk\/shop\/wp-json\/wp\/v2\/product"}],"about":[{"href":"https:\/\/www.konvergencie.sk\/shop\/wp-json\/wp\/v2\/types\/product"}],"wp:featuredmedia":[{"embeddable":true,"href":"https:\/\/www.konvergencie.sk\/shop\/wp-json\/wp\/v2\/media\/2173"}],"wp:attachment":[{"href":"https:\/\/www.konvergencie.sk\/shop\/wp-json\/wp\/v2\/media?parent=2126"}],"wp:term":[{"taxonomy":"product_brand","embeddable":true,"href":"https:\/\/www.konvergencie.sk\/shop\/wp-json\/wp\/v2\/product_brand?post=2126"},{"taxonomy":"product_cat","embeddable":true,"href":"https:\/\/www.konvergencie.sk\/shop\/wp-json\/wp\/v2\/product_cat?post=2126"},{"taxonomy":"product_tag","embeddable":true,"href":"https:\/\/www.konvergencie.sk\/shop\/wp-json\/wp\/v2\/product_tag?post=2126"}],"curies":[{"name":"wp","href":"https:\/\/api.w.org\/{rel}","templated":true}]}}