{"id":2130,"date":"2025-12-07T12:55:48","date_gmt":"2025-12-07T11:55:48","guid":{"rendered":"https:\/\/www.konvergencie.sk\/shop\/?post_type=product&#038;p=2130"},"modified":"2026-01-15T09:38:23","modified_gmt":"2026-01-15T08:38:23","slug":"graphic-marian-varga-piesne","status":"publish","type":"product","link":"https:\/\/www.konvergencie.sk\/shop\/en\/produkt\/graphic-marian-varga-piesne\/","title":{"rendered":"Graphics &#8222;Mari\u00e1n Varga Piesne&#8220; (Karol Trnovsk\u00fd, 2025)"},"content":{"rendered":"<p>The artwork was created as part of the release of Mari\u00e1n Varga&#8217;s album Piesne (<a href=\"https:\/\/www.konvergencie.sk\/shop\/produkt\/marian-varga-piesne-sisa-feher-jozef-luptak-vladislav-sarissky-oskar-torok-cd-hudba\/\">CD<\/a> and <a href=\"https:\/\/www.konvergencie.sk\/shop\/produkt\/marian-varga-piesne-sisa-feher-jozef-luptak-vladislav-sarissky-oskar-torok-lp-hudba\/\">LP<\/a>). The deep roots of Mari\u00e1n&#8217;s music (or his hands on the piano?) provide musicians with solid support, while also offering space for amazing free invention that blossoms in the treetops. As Mari\u00e1n used to say: &#8222;<em>I like new perspectives on things.&#8220; Or &#8222;In music, there is no point in playing with immutable boundaries.<\/em>&#8220; Both of these quotes are close to our hearts at Konvergencie.<br \/>\nTake a piece of Varga&#8217;s creative freedom home with you.<\/p>\n","protected":false},"excerpt":{"rendered":"<p>Published as a limited edition of 25 copies.<br \/>\nThe artwork is signed by the author.<br \/>\nDimensions: 297 x 420 mm (A3), graphic paper<\/p>\n","protected":false},"featured_media":2259,"template":"","meta":[],"product_brand":[],"product_cat":[607],"product_tag":[],"class_list":{"0":"post-2130","1":"product","2":"type-product","3":"status-publish","4":"has-post-thumbnail","6":"product_cat-graphic","8":"first","9":"instock","10":"shipping-taxable","11":"purchasable","12":"product-type-simple"},"supplier_id":null,"supplier_sku":"","barcode":null,"atum_controlled":true,"out_stock_date":null,"out_stock_threshold":null,"inheritable":false,"inbound_stock":null,"stock_on_hold":0,"sold_today":0,"sales_last_days":0,"reserved_stock":null,"customer_returns":null,"warehouse_damage":null,"lost_in_post":null,"other_logs":null,"out_stock_days":0,"lost_sales":0,"has_location":false,"update_date":"2026-04-28T23:23:48","atum_locations":[],"atum_stock_status":"instock","restock_status":false,"low_stock_amount":0,"sales_update_date":"2026-04-28T23:23:48","calc_backorders":null,"_links":{"self":[{"href":"https:\/\/www.konvergencie.sk\/shop\/wp-json\/wp\/v2\/product\/2130","targetHints":{"allow":["GET"]}}],"collection":[{"href":"https:\/\/www.konvergencie.sk\/shop\/wp-json\/wp\/v2\/product"}],"about":[{"href":"https:\/\/www.konvergencie.sk\/shop\/wp-json\/wp\/v2\/types\/product"}],"wp:featuredmedia":[{"embeddable":true,"href":"https:\/\/www.konvergencie.sk\/shop\/wp-json\/wp\/v2\/media\/2259"}],"wp:attachment":[{"href":"https:\/\/www.konvergencie.sk\/shop\/wp-json\/wp\/v2\/media?parent=2130"}],"wp:term":[{"taxonomy":"product_brand","embeddable":true,"href":"https:\/\/www.konvergencie.sk\/shop\/wp-json\/wp\/v2\/product_brand?post=2130"},{"taxonomy":"product_cat","embeddable":true,"href":"https:\/\/www.konvergencie.sk\/shop\/wp-json\/wp\/v2\/product_cat?post=2130"},{"taxonomy":"product_tag","embeddable":true,"href":"https:\/\/www.konvergencie.sk\/shop\/wp-json\/wp\/v2\/product_tag?post=2130"}],"curies":[{"name":"wp","href":"https:\/\/api.w.org\/{rel}","templated":true}]}}