{"id":2290,"date":"2026-03-20T16:05:17","date_gmt":"2026-03-20T15:05:17","guid":{"rendered":"https:\/\/www.konvergencie.sk\/shop\/?post_type=product&#038;p=2290"},"modified":"2026-04-28T12:37:22","modified_gmt":"2026-04-28T10:37:22","slug":"vladimir-godar-live_1","status":"publish","type":"product","link":"https:\/\/www.konvergencie.sk\/shop\/en\/produkt\/vladimir-godar-live_1\/","title":{"rendered":"Vladim\u00edr God\u00e1r: Live at Konvergencie Festival 2005-2025 (CD, music)"},"content":{"rendered":"<p><strong><em>\u201cArt is meant to expand the realm of human independence and freedom.\u201d<\/em><\/strong><\/p>\n<p><strong>Vladim\u00edr God\u00e1r<\/strong><\/p>\n<hr \/>\n<p>The CD is a compilation spanning more than twenty years of collaboration between the Konvergencie Festival and Vladim\u00edr God\u00e1r and released to mark the composer\u2019s anniversary.<\/p>\n<p>My first encounter with Vlado God\u00e1r\u2019s music took place back in the late 1980s. It completely captivated me during my college years, and even then I sensed that I wanted to play it more often. I subsequently met Vlado, and our collaboration resulted in several albums (Chamber Music, Music for Cello, Daria\u010dangin sad) and many concert programs featuring not only his compositions but also works I discovered thanks to him. Together with Vlado, Peter Biely, Ivana Prista\u0161ov\u00e1, and Peter \u0160est\u00e1k, we once founded the Albrecht Quartet, right at the legendary Hans Albrecht\u2019s home in the Albrecht House. My personal connection to Vlado\u2019s music developed gradually, most significantly when he composed *O Crux*\u2014a meditation for solo cello, which he dedicated to me. I premiered the work, recorded it several times, and performed it countless times in concerts from the U.S. through London to New Zealand. After Bach\u2019s suites, it is the most frequently performed piece at my solo recitals.\u00a0I\u2019m still drawn to Vlado\u2019s early works, and I believe their expressive power is timeless. The audience\u2019s reactions to his Sonata in Memory of Viktor Shklovsky were often so emotional that it took me by surprise. His music has also won admirers among foreign performers, including my friend Robert Cohen, musicians from the Hilliard Ensemble and Ensemble Corund, whom you can hear on this CD. I admire Vlado not only as a composer but also as the author of important writings on music and society. At Konvergencie, we are preparing our third concert in honor of his anniversary, this time to mark his 70th birthday. How could it be otherwise? After all, he is the most frequently performed Slovak composer at Konvergencie, as well as at my own concerts. I am delighted and grateful that he himself came up with the idea to release the works performed at the festival. <strong>You are holding a recording that charts two decades of our collaboration<\/strong>, and I believe this \u201ctime capsule\u201d will speak to you just as it has spoken to me. I am very pleased that Vlado is still composing and has something to say through his music.<\/p>\n<p>Jozef Lupt\u00e1k<\/p>\n<hr \/>\n<p><strong>Tracklist<\/strong><\/p>\n<p><strong>Vladim\u00edr GOD\u00c1R<\/strong> (1956)<\/p>\n<p>01\u2003<strong>Variations on a Slovak Folk Song for two cellos<\/strong> (2006)<\/p>\n<p>Robert Cohen<sup> UK<\/sup>,\u00a0 <em>cello<\/em><br \/>\nJozef Lupt\u00e1k, <em>cello<\/em><\/p>\n<p>Primate\u2019s Palace, Bratislava, 12.\u20069.\u20062021<\/p>\n<p>02\u2003<strong>Dormi Jesu for mixed choir, cello and harp <\/strong>(2008)<\/p>\n<p>Ensemble Corund <sup>CH<\/sup> \/ Stephen Smith, <em>conductor<\/em><br \/>\nJozef Lupt\u00e1k, <em>cello<\/em><br \/>\nMichal Matej\u010d\u00edk, <em>harp<\/em><\/p>\n<p>St.\u2006Martin\u2019s Cathedral, Bratislava, 15.\u20069.\u20062013<\/p>\n<p>03\u2003<strong>Sweet and Low for mixed choir and strings <\/strong>(2009)<\/p>\n<p>lyrics: A. Tennyson<\/p>\n<p>Ensemble Corund<sup> CH<\/sup> \/ Stephen Smith, <em>conductor<\/em><br \/>\nIgor Kar\u0161ko, Milan Pa\u013ea, <em>violin<\/em><br \/>\nJozef Lupt\u00e1k, <em>cello<\/em><br \/>\nPeter Jur\u010denko, <em>double bass<\/em><\/p>\n<p>St.\u2006Martin\u2019s Cathedral, Bratislava, 15.\u20069.\u20062013<\/p>\n<p>04\u2003<strong>Passacaglia for solo cello <\/strong>(2006\/rev. 2008)<\/p>\n<p>Jozef Lupt\u00e1k, <em>cello<\/em><\/p>\n<p>Moyzes Hall, Bratislava, 24. 3. 2025<\/p>\n<p>05\u2003<strong>Autumn Meditation for string quartet <\/strong>(1979)<\/p>\n<p>Igor Kar\u0161ko, Jana Kar\u0161kov\u00e1, <em>violin<\/em><br \/>\nSimon Tandree<sup>\u2005uk<\/sup>\u2002, <em>viola<\/em><br \/>\nJozef Lupt\u00e1k, <em>cello<\/em><\/p>\n<p>Design Factory, Bratislava, 17.\u20069.\u20062006<\/p>\n<p>06\u2003<strong>A Lullaby with Mr. Mozart for soprano and piano trio <\/strong>(1985\/2005)<\/p>\n<p>lyrics: Jan Sk\u00e1cel<\/p>\n<p>Eva \u0160u\u0161kov\u00e1, <em>soprano<\/em><br \/>\nPeter Hamar, <em>violin<\/em><br \/>\nJozef Lupt\u00e1k, <em>cello<\/em><br \/>\nVladim\u00edr God\u00e1r, <em>piano<\/em><\/p>\n<p>Klarisky Concert Hall, Bratislava, 19.\u20069.\u20062009<\/p>\n<p>07\u2003<strong>D\u00e9ploration sur la mort de Witold Lutos\u0142awski<\/strong> (1993)<\/p>\n<p>Igor Kar\u0161ko, Jana Kar\u0161kov\u00e1, <em>violin<\/em><br \/>\nSimon Tandree<sup>\u2005uk<\/sup>\u2002 , <em>viola<\/em><br \/>\nJozef Lupt\u00e1k, <em>cello<\/em><br \/>\nNora Skuta, <em>piano<\/em><\/p>\n<p>Design Factory, Bratislava, 17.\u20069.\u20062006<\/p>\n<p>8\u2003<strong>Bik\u00edt Gilgamesh Lament for bass and cello <\/strong>(1998)<\/p>\n<p>Peter Mikul\u00e1\u0161, <em>bass<\/em><br \/>\nJozef Lupt\u00e1k, <em>cello<\/em><\/p>\n<p>Klarisky Concert Hall, Bratislava, 12.\u20069.\u20062024<\/p>\n<p>09\u2003<strong>Ricercar for piano quartet <\/strong>(1977\/rev. 1996)<\/p>\n<p>Ivana Prista\u0161ov\u00e1, <em>violin<\/em><br \/>\nSimon Tandree<sup> UK<\/sup>, <em>viola<\/em><br \/>\nJozef Lupt\u00e1k, <em>cello<\/em><br \/>\nNora Skuta, <em>piano<\/em><\/p>\n<p>Klarisky Concert Hall, Bratislava, 15.\u20069.\u20062005<\/p>\n<p>10\u2003<strong>Pieta for cello<\/strong> (2025)<\/p>\n<p>Jozef Lupt\u00e1k, <em>cello<\/em><\/p>\n<p>Moyzes Hall, Bratislava, 24.\u20063.\u20062025<\/p>\n<hr \/>\n<p><strong>The album includes:<\/strong> a CD and a comprehensive booklet featuring texts by V. God\u00e1r\u2019s longtime colleagues and friends\u2014Jozef Lupt\u00e1k, Peter Breiner, Peter Zagar, and Andrew Parrott\u2014as well as a code to download the music in digital format<\/p>\n<p><strong>Publisher:<\/strong> Konvergencie \u2013 Society for Chamber Music, o.z. 2026<\/p>\n<p><strong>SOZA &#8211; BIEM:<\/strong> 1749-017-1<\/p>\n<p><strong>EAN:<\/strong> 8588006338164<\/p>\n<p>Live recordings from concerts at the Konvergencie International Chamber Music Festival 2005\u20132025 in Bratislava \/ recorded live at the Konvergencie Chamber Music Festival in Bratislava 2005\u20132025<\/p>\n<p>mix &amp; mastering: Igor Baar \/ Jozef Lupt\u00e1k<\/p>\n<p>sleeve notes: Vladim\u00edr God\u00e1r \/ Peter Breiner \/ Peter Zagar \/ Andrew Parrott \/ Jozef Lupt\u00e1k<\/p>\n<p>booklet editors: Andrej \u0160uba \/ M\u00e1ria Boh\u00e1\u010dov\u00e1<\/p>\n<p>proofreading: M\u00e1ria Boh\u00e1\u010dov\u00e1 \/ M\u00e1ria Hejtm\u00e1nkov\u00e1<\/p>\n<p>translations: John Minahane \/ Andrej \u0160uba<\/p>\n<p>photos: Jarmila Uhl\u00edkov\u00e1 \/ Daniela Meressa Rusnokov\u00e1<\/p>\n<p>design &amp; layout: Zuzana \u010c\u00ed\u010delov\u00e1<\/p>\n<p>production manager: Lea Majer\u010d\u00e1kov\u00e1 \/ Konvergencie<\/p>\n<p>executive producer: Jozef Lupt\u00e1k<\/p>\n<p>special thanks to Katar\u00edna God\u00e1rov\u00e1<\/p>\n<p>\u2117 \u00a9 Konvergencie 2026<\/p>\n","protected":false},"excerpt":{"rendered":"<p>The CD is a compilation spanning more than twenty years of collaboration between the Konvergencie Festival and Vladim\u00edr God\u00e1r and released to mark the composer\u2019s anniversary.<\/p>\n","protected":false},"featured_media":2291,"template":"","meta":[],"product_brand":[],"product_cat":[54],"product_tag":[],"class_list":{"0":"post-2290","1":"product","2":"type-product","3":"status-publish","4":"has-post-thumbnail","6":"product_cat-cd-en","8":"first","9":"instock","10":"shipping-taxable","11":"purchasable","12":"product-type-simple"},"supplier_id":null,"supplier_sku":"","barcode":null,"atum_controlled":true,"out_stock_date":null,"out_stock_threshold":null,"inheritable":false,"inbound_stock":null,"stock_on_hold":0,"sold_today":0,"sales_last_days":1,"reserved_stock":null,"customer_returns":null,"warehouse_damage":null,"lost_in_post":null,"other_logs":null,"out_stock_days":0,"lost_sales":0,"has_location":false,"update_date":"2026-04-28T23:23:54","atum_locations":[],"atum_stock_status":"instock","restock_status":false,"low_stock_amount":2,"sales_update_date":"2026-04-28T23:23:54","calc_backorders":0,"_links":{"self":[{"href":"https:\/\/www.konvergencie.sk\/shop\/wp-json\/wp\/v2\/product\/2290","targetHints":{"allow":["GET"]}}],"collection":[{"href":"https:\/\/www.konvergencie.sk\/shop\/wp-json\/wp\/v2\/product"}],"about":[{"href":"https:\/\/www.konvergencie.sk\/shop\/wp-json\/wp\/v2\/types\/product"}],"wp:featuredmedia":[{"embeddable":true,"href":"https:\/\/www.konvergencie.sk\/shop\/wp-json\/wp\/v2\/media\/2291"}],"wp:attachment":[{"href":"https:\/\/www.konvergencie.sk\/shop\/wp-json\/wp\/v2\/media?parent=2290"}],"wp:term":[{"taxonomy":"product_brand","embeddable":true,"href":"https:\/\/www.konvergencie.sk\/shop\/wp-json\/wp\/v2\/product_brand?post=2290"},{"taxonomy":"product_cat","embeddable":true,"href":"https:\/\/www.konvergencie.sk\/shop\/wp-json\/wp\/v2\/product_cat?post=2290"},{"taxonomy":"product_tag","embeddable":true,"href":"https:\/\/www.konvergencie.sk\/shop\/wp-json\/wp\/v2\/product_tag?post=2290"}],"curies":[{"name":"wp","href":"https:\/\/api.w.org\/{rel}","templated":true}]}}

Vladimír Godár: Live at Konvergencie Festival 2005-2025 (CD, music)

<p><strong><em>“Art is meant to expand the realm of human independence and freedom.”</em></strong></p>
<p><strong>Vladimír Godár</strong></p>
<hr />
<p>The CD is a compilation spanning more than twenty years of collaboration between the Konvergencie Festival and Vladimír Godár and released to mark the composer’s anniversary.</p>
<p>My first encounter with Vlado Godár’s music took place back in the late 1980s. It completely captivated me during my college years, and even then I sensed that I wanted to play it more often. I subsequently met Vlado, and our collaboration resulted in several albums (Chamber Music, Music for Cello, Dariačangin sad) and many concert programs featuring not only his compositions but also works I discovered thanks to him. Together with Vlado, Peter Biely, Ivana Pristašová, and Peter Šesták, we once founded the Albrecht Quartet, right at the legendary Hans Albrecht’s home in the Albrecht House. My personal connection to Vlado’s music developed gradually, most significantly when he composed *O Crux*—a meditation for solo cello, which he dedicated to me. I premiered the work, recorded it several times, and performed it countless times in concerts from the U.S. through London to New Zealand. After Bach’s suites, it is the most frequently performed piece at my solo recitals. I’m still drawn to Vlado’s early works, and I believe their expressive power is timeless. The audience’s reactions to his Sonata in Memory of Viktor Shklovsky were often so emotional that it took me by surprise. His music has also won admirers among foreign performers, including my friend Robert Cohen, musicians from the Hilliard Ensemble and Ensemble Corund, whom you can hear on this CD. I admire Vlado not only as a composer but also as the author of important writings on music and society. At Konvergencie, we are preparing our third concert in honor of his anniversary, this time to mark his 70th birthday. How could it be otherwise? After all, he is the most frequently performed Slovak composer at Konvergencie, as well as at my own concerts. I am delighted and grateful that he himself came up with the idea to release the works performed at the festival. <strong>You are holding a recording that charts two decades of our collaboration</strong>, and I believe this “time capsule” will speak to you just as it has spoken to me. I am very pleased that Vlado is still composing and has something to say through his music.</p>
<p>Jozef Lupták</p>
<hr />
<p><strong>Tracklist</strong></p>
<p><strong>Vladimír GODÁR</strong> (1956)</p>
<p>01 <strong>Variations on a Slovak Folk Song for two cellos</strong> (2006)</p>
<p>Robert Cohen<sup> UK</sup>,  <em>cello</em><br />
Jozef Lupták, <em>cello</em></p>
<p>Primate’s Palace, Bratislava, 12. 9. 2021</p>
<p>02 <strong>Dormi Jesu for mixed choir, cello and harp </strong>(2008)</p>
<p>Ensemble Corund <sup>CH</sup> / Stephen Smith, <em>conductor</em><br />
Jozef Lupták, <em>cello</em><br />
Michal Matejčík, <em>harp</em></p>
<p>St. Martin’s Cathedral, Bratislava, 15. 9. 2013</p>
<p>03 <strong>Sweet and Low for mixed choir and strings </strong>(2009)</p>
<p>lyrics: A. Tennyson</p>
<p>Ensemble Corund<sup> CH</sup> / Stephen Smith, <em>conductor</em><br />
Igor Karško, Milan Paľa, <em>violin</em><br />
Jozef Lupták, <em>cello</em><br />
Peter Jurčenko, <em>double bass</em></p>
<p>St. Martin’s Cathedral, Bratislava, 15. 9. 2013</p>
<p>04 <strong>Passacaglia for solo cello </strong>(2006/rev. 2008)</p>
<p>Jozef Lupták, <em>cello</em></p>
<p>Moyzes Hall, Bratislava, 24. 3. 2025</p>
<p>05 <strong>Autumn Meditation for string quartet </strong>(1979)</p>
<p>Igor Karško, Jana Karšková, <em>violin</em><br />
Simon Tandree<sup> uk</sup> , <em>viola</em><br />
Jozef Lupták, <em>cello</em></p>
<p>Design Factory, Bratislava, 17. 9. 2006</p>
<p>06 <strong>A Lullaby with Mr. Mozart for soprano and piano trio </strong>(1985/2005)</p>
<p>lyrics: Jan Skácel</p>
<p>Eva Šušková, <em>soprano</em><br />
Peter Hamar, <em>violin</em><br />
Jozef Lupták, <em>cello</em><br />
Vladimír Godár, <em>piano</em></p>
<p>Klarisky Concert Hall, Bratislava, 19. 9. 2009</p>
<p>07 <strong>Déploration sur la mort de Witold Lutosławski</strong> (1993)</p>
<p>Igor Karško, Jana Karšková, <em>violin</em><br />
Simon Tandree<sup> uk</sup>  , <em>viola</em><br />
Jozef Lupták, <em>cello</em><br />
Nora Skuta, <em>piano</em></p>
<p>Design Factory, Bratislava, 17. 9. 2006</p>
<p>8 <strong>Bikít Gilgamesh Lament for bass and cello </strong>(1998)</p>
<p>Peter Mikuláš, <em>bass</em><br />
Jozef Lupták, <em>cello</em></p>
<p>Klarisky Concert Hall, Bratislava, 12. 9. 2024</p>
<p>09 <strong>Ricercar for piano quartet </strong>(1977/rev. 1996)</p>
<p>Ivana Pristašová, <em>violin</em><br />
Simon Tandree<sup> UK</sup>, <em>viola</em><br />
Jozef Lupták, <em>cello</em><br />
Nora Skuta, <em>piano</em></p>
<p>Klarisky Concert Hall, Bratislava, 15. 9. 2005</p>
<p>10 <strong>Pieta for cello</strong> (2025)</p>
<p>Jozef Lupták, <em>cello</em></p>
<p>Moyzes Hall, Bratislava, 24. 3. 2025</p>
<hr />
<p><strong>The album includes:</strong> a CD and a comprehensive booklet featuring texts by V. Godár’s longtime colleagues and friends—Jozef Lupták, Peter Breiner, Peter Zagar, and Andrew Parrott—as well as a code to download the music in digital format</p>
<p><strong>Publisher:</strong> Konvergencie – Society for Chamber Music, o.z. 2026</p>
<p><strong>SOZA &#8211; BIEM:</strong> 1749-017-1</p>
<p><strong>EAN:</strong> 8588006338164</p>
<p>Live recordings from concerts at the Konvergencie International Chamber Music Festival 2005–2025 in Bratislava / recorded live at the Konvergencie Chamber Music Festival in Bratislava 2005–2025</p>
<p>mix &amp; mastering: Igor Baar / Jozef Lupták</p>
<p>sleeve notes: Vladimír Godár / Peter Breiner / Peter Zagar / Andrew Parrott / Jozef Lupták</p>
<p>booklet editors: Andrej Šuba / Mária Boháčová</p>
<p>proofreading: Mária Boháčová / Mária Hejtmánková</p>
<p>translations: John Minahane / Andrej Šuba</p>
<p>photos: Jarmila Uhlíková / Daniela Meressa Rusnoková</p>
<p>design &amp; layout: Zuzana Číčelová</p>
<p>production manager: Lea Majerčáková / Konvergencie</p>
<p>executive producer: Jozef Lupták</p>
<p>special thanks to Katarína Godárová</p>
<p>℗ © Konvergencie 2026</p>

<p>The CD is a compilation spanning more than twenty years of collaboration between the Konvergencie Festival and Vladimír Godár and released to mark the composer’s anniversary.</p>
