{"id":528,"date":"2020-11-20T14:55:21","date_gmt":"2020-11-20T13:55:21","guid":{"rendered":"https:\/\/nechsapaci.info\/konvergencie\/?post_type=product&#038;p=528"},"modified":"2025-12-07T14:18:08","modified_gmt":"2025-12-07T13:18:08","slug":"dotknut-sa-zvukom-kniha-s-podpisom","status":"publish","type":"product","link":"https:\/\/www.konvergencie.sk\/shop\/produkt\/dotknut-sa-zvukom-kniha-s-podpisom\/","title":{"rendered":"Dotkn\u00fa\u0165 sa zvukom \/ KNIHA S PODPISOM"},"content":{"rendered":"","protected":false},"excerpt":{"rendered":"<p><strong>Jozef Lupt\u00e1k v rozhovore s Ivanom Je\u017e\u00edkom<\/strong><\/p>\n<p>Jozef Lupt\u00e1k v rozhovore s Ivanom Je\u017e\u00edkom rozpr\u00e1va o h\u013eadan\u00ed vlastn\u00e9ho umeleck\u00e9ho v\u00fdrazu, o slovenskej hudbe vo svete a svetovej na Slovensku a o spletit\u00fdch cest\u00e1ch festivalu, ktor\u00fd dnes patr\u00ed ku k\u013e\u00fa\u010dov\u00fdm hudobn\u00fdm udalostiam v krajine. Knihu vydalo vydavate\u013estvo MONOKEL v r\u00e1mci ed\u00edcie\u00a0Modr\u00e9 kreslo, kni\u017en\u00fdch rozhovorov s \u013eu\u010fmi, ktor\u00ed svoj\u00edm talentom a \u00fasil\u00edm vytrvalo menia svoje okolie a krajinu k lep\u0161iemu.<\/p>\n<p>&#8222;Pre m\u0148a je zvuk prvorad\u00fd. Je to prv\u00e1 vec, ktorou sa interpret dot\u00fdka posluch\u00e1\u010da. Zvuk je vo svojej podstate fyzick\u00e1 z\u00e1le\u017eitos\u0165. Vytvor\u00edm ho manu\u00e1lne, rozrezonujem n\u00e1stroj ur\u010dit\u00fdm sp\u00f4sobom a v tom je u\u017e v\u0161etko. Zvuk let\u00ed vzduchom, dotkne sa tvojho ucha, potom tela a v\u0161etk\u00e9ho, \u010di\u017ee ist\u00fdm sp\u00f4sobom sa dot\u00fdkam prostredn\u00edctvom zvuku toho \u010dloveka. Cez zvuk prich\u00e1dza charakter mojej interpret\u00e1cie, mojej osobnosti, m\u00f4jho vyjadrenia, m\u00f4jho myslenia, a jeho po\u010d\u00favan\u00edm sa preto prirodzene d\u00e1 najviac zisti\u0165. Je to prv\u00fd sign\u00e1l.\u201d<\/p>\n","protected":false},"featured_media":2005,"template":"","meta":[],"product_brand":[],"product_cat":[76],"product_tag":[],"class_list":{"0":"post-528","1":"product","2":"type-product","3":"status-publish","4":"has-post-thumbnail","6":"product_cat-ine","8":"first","9":"instock","10":"shipping-taxable","11":"purchasable","12":"product-type-simple"},"supplier_id":null,"supplier_sku":"","barcode":null,"atum_controlled":true,"out_stock_date":null,"out_stock_threshold":null,"inheritable":false,"inbound_stock":0,"stock_on_hold":0,"sold_today":0,"sales_last_days":0,"reserved_stock":0,"customer_returns":0,"warehouse_damage":0,"lost_in_post":0,"other_logs":0,"out_stock_days":0,"lost_sales":0,"has_location":false,"update_date":"2026-04-28T23:23:51","atum_locations":[],"atum_stock_status":"instock","restock_status":false,"low_stock_amount":2,"sales_update_date":"2026-04-28T23:23:51","calc_backorders":null,"_links":{"self":[{"href":"https:\/\/www.konvergencie.sk\/shop\/wp-json\/wp\/v2\/product\/528","targetHints":{"allow":["GET"]}}],"collection":[{"href":"https:\/\/www.konvergencie.sk\/shop\/wp-json\/wp\/v2\/product"}],"about":[{"href":"https:\/\/www.konvergencie.sk\/shop\/wp-json\/wp\/v2\/types\/product"}],"wp:featuredmedia":[{"embeddable":true,"href":"https:\/\/www.konvergencie.sk\/shop\/wp-json\/wp\/v2\/media\/2005"}],"wp:attachment":[{"href":"https:\/\/www.konvergencie.sk\/shop\/wp-json\/wp\/v2\/media?parent=528"}],"wp:term":[{"taxonomy":"product_brand","embeddable":true,"href":"https:\/\/www.konvergencie.sk\/shop\/wp-json\/wp\/v2\/product_brand?post=528"},{"taxonomy":"product_cat","embeddable":true,"href":"https:\/\/www.konvergencie.sk\/shop\/wp-json\/wp\/v2\/product_cat?post=528"},{"taxonomy":"product_tag","embeddable":true,"href":"https:\/\/www.konvergencie.sk\/shop\/wp-json\/wp\/v2\/product_tag?post=528"}],"curies":[{"name":"wp","href":"https:\/\/api.w.org\/{rel}","templated":true}]}}