{"id":530,"date":"2020-11-20T14:55:21","date_gmt":"2020-11-20T13:55:21","guid":{"rendered":"https:\/\/nechsapaci.info\/konvergencie\/?post_type=product&#038;p=530"},"modified":"2021-03-19T16:36:15","modified_gmt":"2021-03-19T15:36:15","slug":"beruehren-mit-ton-signiertes-buch","status":"publish","type":"product","link":"https:\/\/www.konvergencie.sk\/shop\/de\/produkt\/beruehren-mit-ton-signiertes-buch\/","title":{"rendered":"Ber\u00fchren mit Ton \/ SIGNIERTES BUCH"},"content":{"rendered":"","protected":false},"excerpt":{"rendered":"<p><strong>Jozef Lupt\u00e1k in einem Interview mit Ivan Je\u017e\u00edk<\/strong><\/p>\n<p>In einem Interview mit Ivan Je\u017e\u00ed\u0161ek spricht Jozef Lupt\u00e1k \u00fcber die Suche nach seinem eigenen k\u00fcnstlerischen Ausdruck, \u00fcber die slowakische Musik in der Welt und die Welt in der Slowakei und \u00fcber die komplizierten Wege des Festivals, das heute eines der wichtigsten Musikereignisse des Landes ist. Das Buch wurde vom MONOKEL-Verlag im Rahmen der Blue Armchair-Ausgabe ver\u00f6ffentlicht. Es enth\u00e4lt Buchinterviews mit Menschen, die mit ihrem Talent und ihrem Einsatz ihre Umgebung und ihr Land beharrlich zum Besseren ver\u00e4ndern.<\/p>\n<p>&#8222;F\u00fcr mich ist der Klang von gr\u00f6\u00dfter Bedeutung. Es ist das erste, was der Darsteller den H\u00f6rer ber\u00fchrt. Der Klang ist im Wesentlichen eine physische Angelegenheit. Ich erstelle ihn manuell, schwinge das Instrument auf eine bestimmte Weise mit und das war&#8217;s. Der Klang fliegt durch die Luft, er ber\u00fchrt dann Ihr Ohr den K\u00f6rper und alles, das hei\u00dft in gewisser Weise, ber\u00fchre ich durch den Klang dieser Person.<\/p>\n","protected":false},"featured_media":2004,"template":"","meta":[],"product_brand":[],"product_cat":[80],"product_tag":[],"class_list":{"0":"post-530","1":"product","2":"type-product","3":"status-publish","4":"has-post-thumbnail","6":"product_cat-andere","8":"first","9":"instock","10":"shipping-taxable","11":"purchasable","12":"product-type-simple"},"supplier_id":null,"supplier_sku":"","barcode":null,"atum_controlled":true,"out_stock_date":null,"out_stock_threshold":null,"inheritable":false,"inbound_stock":0,"stock_on_hold":0,"sold_today":0,"sales_last_days":0,"reserved_stock":0,"customer_returns":0,"warehouse_damage":0,"lost_in_post":0,"other_logs":0,"out_stock_days":0,"lost_sales":0,"has_location":false,"update_date":"2026-04-28T23:23:51","atum_locations":[],"atum_stock_status":"instock","restock_status":false,"low_stock_amount":2,"sales_update_date":"2026-04-28T23:23:51","calc_backorders":null,"_links":{"self":[{"href":"https:\/\/www.konvergencie.sk\/shop\/wp-json\/wp\/v2\/product\/530","targetHints":{"allow":["GET"]}}],"collection":[{"href":"https:\/\/www.konvergencie.sk\/shop\/wp-json\/wp\/v2\/product"}],"about":[{"href":"https:\/\/www.konvergencie.sk\/shop\/wp-json\/wp\/v2\/types\/product"}],"wp:featuredmedia":[{"embeddable":true,"href":"https:\/\/www.konvergencie.sk\/shop\/wp-json\/wp\/v2\/media\/2004"}],"wp:attachment":[{"href":"https:\/\/www.konvergencie.sk\/shop\/wp-json\/wp\/v2\/media?parent=530"}],"wp:term":[{"taxonomy":"product_brand","embeddable":true,"href":"https:\/\/www.konvergencie.sk\/shop\/wp-json\/wp\/v2\/product_brand?post=530"},{"taxonomy":"product_cat","embeddable":true,"href":"https:\/\/www.konvergencie.sk\/shop\/wp-json\/wp\/v2\/product_cat?post=530"},{"taxonomy":"product_tag","embeddable":true,"href":"https:\/\/www.konvergencie.sk\/shop\/wp-json\/wp\/v2\/product_tag?post=530"}],"curies":[{"name":"wp","href":"https:\/\/api.w.org\/{rel}","templated":true}]}}