{"id":96,"date":"2020-04-18T12:57:37","date_gmt":"2020-04-18T10:57:37","guid":{"rendered":"https:\/\/nechsapaci.info\/konvergencie\/?post_type=product&#038;p=96"},"modified":"2021-03-19T17:15:13","modified_gmt":"2021-03-19T16:15:13","slug":"konvergencie-20-3","status":"publish","type":"product","link":"https:\/\/www.konvergencie.sk\/shop\/de\/produkt\/konvergencie-20-3\/","title":{"rendered":"CD Konvergencie 20"},"content":{"rendered":"<p><strong>Mehr zum Titel<\/strong><\/p>\n<p>Das Album auf einer Zeitspanne von 60 Minuten zeigt eine breite Palette und Qualit\u00e4t von Festivalproduktionen aus einem reichhaltigen Archiv von Live-Aufnahmen. Die H\u00e4lfte der Dauer besteht aus Ausschnitten aus Werken klassischer Musik (Mendelssohn &#8211; Lied ohne Worte, Dohn\u00e1nyi &#8211; Klavierquintett in c-Moll, Schostakowitsch &#8211; Klaviertrio Nr. 2 in e-Moll usw.), die in Zusammenarbeit mit renommierten in- und ausl\u00e4ndischen Interpreten entstanden sind. Die verbleibende H\u00e4lfte ist geteilt zwischen Musik des 20. Jahrhunderts (einschlie\u00dflich M. Varga: Antiphon, eine Live-Aufnahme von J. Lupt\u00e1k und M. Varga, Piazzolla Five Tango Sensations mit B. Lenko usw.) und &#8222;nicht k\u00fcnstlicher&#8220; Musik (Jazz, Weltmusik, \u00dcberlappungen zwischen den Genres).<\/p>\n<p><strong>Album enth\u00e4lt<\/strong>: Musik-CD, Booklet<\/p>\n<p><strong>K\u00fcnstler<\/strong>:<br \/>\nR. Cohen, Y. Gotlibovich, I. Kar\u0161ko, J. Kar\u0161kov\u00e1, I. Kelarov\u00e1, B. Lenko, J. Lupt\u00e1k, S. Tandree, I. Prista\u0161ov\u00e1, B. Schmid, M. Skuta, N. Skuta, M. Svetl\u00edk, R. \u0160ebesta, P. \u0160est\u00e1k, M. Varga, P. Zwiebel, Pacora-Trio, Bratislava-Kammersolisten, Opera Aperta<\/p>\n<p>Aufgenommen w\u00e4hrend der Konzerte des International Chamber Music Festival Convergence 2001-2019<\/p>\n<p><strong>Mischen und Mastering<\/strong>: Robert Pospi\u0161 &amp; Martin Sillay \/ Real Music House, Martin \u010cema (Track 12)<\/p>\n<p><strong>Herausgeber<\/strong>: Konvergencie, 2019<\/p>\n<p><strong>Ausgabe<\/strong>: Konvergencie LIVE<\/p>\n<p><strong>Wiedergabeliste<\/strong><\/p>\n<p><b>01 Ern\u0151 von Dohn\u00e1nyi \/ <\/b><i><span style=\"font-weight: 400;\">Seren\u00e1da pre sl\u00e1\u010dikov\u00e9 trio, op. 10 \/ Serenade for a String Trio, Op. 10 \/ <\/span><\/i><span style=\"font-weight: 400;\">I. Marcia: Allegro\u00a0<\/span><\/p>\n<p><b>02 Reinhold Gli\u00e8re \/ <\/b><i><span style=\"font-weight: 400;\">Osem skladieb pre husle a violon\u010delo, op. 39 \/ Huit Morceaux pour Violon et Violoncelle, Op. 39 \/ <\/span><\/i><span style=\"font-weight: 400;\">III. Berceuse\u00a0<\/span><\/p>\n<p><b>03 Reinhold Gli\u00e8re \/ <\/b><i><span style=\"font-weight: 400;\">Desa\u0165 duet pre dve violon\u010del\u00e1, op. 53 \/ Dix Duos pour deux Violoncelles, Op.53 \/ <\/span><\/i><span style=\"font-weight: 400;\">II. Leggiero<\/span><\/p>\n<p><b>04 Dmitrij \u0160ostakovi\u010d \/ <\/b><i><span style=\"font-weight: 400;\">Klav\u00edrne trio \u010d. 2 e mol, op. 67 \/Piano Trio No. 2 in E Minor, Op. 67 <\/span><\/i><span style=\"font-weight: 400;\">III. Largo\u00a0<\/span><\/p>\n<p><b>05 Ern\u0151 von Dohn\u00e1nyi \/ <\/b><i><span style=\"font-weight: 400;\">Klav\u00edrne kvinteto \u010d. 1 c mol, op. 1 \/ Piano Quintet No. 1 in C Minor, Op. 1<\/span><\/i><\/p>\n<p><b>06 Bohuslav Martin\u016f \/ <\/b><i><span style=\"font-weight: 400;\">Klav\u00edrne trio \u010d. 2 d mol H 327 \/ Piano Trio No. 2 in D Minor H 327 <\/span><\/i><span style=\"font-weight: 400;\">III. Allegro<\/span><\/p>\n<p><b>07 Felix Mendelssohn \/ <\/b><i><span style=\"font-weight: 400;\">Piese\u0148 bez slov, op. 109<\/span><\/i><span style=\"font-weight: 400;\"> \/ <\/span><i><span style=\"font-weight: 400;\">Lied ohne Worte, Op. 109<\/span><\/i><\/p>\n<p><b>08 Astor Piazzolla \/ <\/b><i><span style=\"font-weight: 400;\">Five Tango Sensations \/ <\/span><\/i><span style=\"font-weight: 400;\">II. \u201eLoving\u201c<\/span><\/p>\n<p><b>09 <\/b><i><span style=\"font-weight: 400;\">Joj, mamo<\/span><\/i><span style=\"font-weight: 400;\"> \/ Ida Kelarov\u00e1, Ondrej Kraj\u0148\u00e1k<\/span><\/p>\n<p><b>10 Pacora trio &amp; Komorn\u00ed s\u00f3listi Bratislava \/ <\/b><i><span style=\"font-weight: 400;\">Halu\u0161ka<\/span><\/i><\/p>\n<p><b>11 Mari\u00e1n Varga \/ <\/b><i><span style=\"font-weight: 400;\">Antifona<\/span><\/i><span style=\"font-weight: 400;\">\u00a0<\/span><\/p>\n<p><b>12 Oliver Messiaen \/ <\/b><i><span style=\"font-weight: 400;\">Quatuor pour la fin du temps \/ <\/span><\/i><span style=\"font-weight: 400;\">VI. Louange \u00e0 l&#8217;\u00c9ternit\u00e9 de J\u00e9sus\/ Praise to the eternity of Jesus\u00a0<\/span><\/p>\n<p><b>13 Daniel Matej \/ <\/b><i><span style=\"font-weight: 400;\">Wenn Wir in h\u00f6chsten Noten sein<\/span><\/i><\/p>\n<p><b>14<\/b> <b>Peter Ablinger \/ <\/b><i><span style=\"font-weight: 400;\">B-A-C-H pre violu, basklarinet a kl\u00e1vesy<\/span><\/i><\/p>\n","protected":false},"excerpt":{"rendered":"<p>Die erste CD aus Aufnahmen von Konzerten des Konvergencie Festivals aus den letzten 20 Jahren.<\/p>\n","protected":false},"featured_media":1995,"template":"","meta":[],"product_brand":[],"product_cat":[56],"product_tag":[],"class_list":{"0":"post-96","1":"product","2":"type-product","3":"status-publish","4":"has-post-thumbnail","6":"product_cat-cd-de","8":"first","9":"instock","10":"shipping-taxable","11":"purchasable","12":"product-type-simple"},"supplier_id":null,"supplier_sku":"","barcode":null,"atum_controlled":true,"out_stock_date":null,"out_stock_threshold":null,"inheritable":false,"inbound_stock":0,"stock_on_hold":0,"sold_today":0,"sales_last_days":0,"reserved_stock":0,"customer_returns":0,"warehouse_damage":0,"lost_in_post":0,"other_logs":0,"out_stock_days":0,"lost_sales":0,"has_location":false,"update_date":"2026-04-28T23:23:47","atum_locations":[],"atum_stock_status":"instock","restock_status":false,"low_stock_amount":5,"sales_update_date":"2026-04-28T23:23:47","calc_backorders":null,"_links":{"self":[{"href":"https:\/\/www.konvergencie.sk\/shop\/wp-json\/wp\/v2\/product\/96","targetHints":{"allow":["GET"]}}],"collection":[{"href":"https:\/\/www.konvergencie.sk\/shop\/wp-json\/wp\/v2\/product"}],"about":[{"href":"https:\/\/www.konvergencie.sk\/shop\/wp-json\/wp\/v2\/types\/product"}],"wp:featuredmedia":[{"embeddable":true,"href":"https:\/\/www.konvergencie.sk\/shop\/wp-json\/wp\/v2\/media\/1995"}],"wp:attachment":[{"href":"https:\/\/www.konvergencie.sk\/shop\/wp-json\/wp\/v2\/media?parent=96"}],"wp:term":[{"taxonomy":"product_brand","embeddable":true,"href":"https:\/\/www.konvergencie.sk\/shop\/wp-json\/wp\/v2\/product_brand?post=96"},{"taxonomy":"product_cat","embeddable":true,"href":"https:\/\/www.konvergencie.sk\/shop\/wp-json\/wp\/v2\/product_cat?post=96"},{"taxonomy":"product_tag","embeddable":true,"href":"https:\/\/www.konvergencie.sk\/shop\/wp-json\/wp\/v2\/product_tag?post=96"}],"curies":[{"name":"wp","href":"https:\/\/api.w.org\/{rel}","templated":true}]}}

<p><strong>Mehr zum Titel</strong></p>
<p>Das Album auf einer Zeitspanne von 60 Minuten zeigt eine breite Palette und Qualität von Festivalproduktionen aus einem reichhaltigen Archiv von Live-Aufnahmen. Die Hälfte der Dauer besteht aus Ausschnitten aus Werken klassischer Musik (Mendelssohn &#8211; Lied ohne Worte, Dohnányi &#8211; Klavierquintett in c-Moll, Schostakowitsch &#8211; Klaviertrio Nr. 2 in e-Moll usw.), die in Zusammenarbeit mit renommierten in- und ausländischen Interpreten entstanden sind. Die verbleibende Hälfte ist geteilt zwischen Musik des 20. Jahrhunderts (einschließlich M. Varga: Antiphon, eine Live-Aufnahme von J. Lupták und M. Varga, Piazzolla Five Tango Sensations mit B. Lenko usw.) und &#8222;nicht künstlicher&#8220; Musik (Jazz, Weltmusik, Überlappungen zwischen den Genres).</p>
<p><strong>Album enthält</strong>: Musik-CD, Booklet</p>
<p><strong>Künstler</strong>:<br />
R. Cohen, Y. Gotlibovich, I. Karško, J. Karšková, I. Kelarová, B. Lenko, J. Lupták, S. Tandree, I. Pristašová, B. Schmid, M. Skuta, N. Skuta, M. Svetlík, R. Šebesta, P. Šesták, M. Varga, P. Zwiebel, Pacora-Trio, Bratislava-Kammersolisten, Opera Aperta</p>
<p>Aufgenommen während der Konzerte des International Chamber Music Festival Convergence 2001-2019</p>
<p><strong>Mischen und Mastering</strong>: Robert Pospiš &amp; Martin Sillay / Real Music House, Martin Čema (Track 12)</p>
<p><strong>Herausgeber</strong>: Konvergencie, 2019</p>
<p><strong>Ausgabe</strong>: Konvergencie LIVE</p>
<p><strong>Wiedergabeliste</strong></p>
<p><b>01 Ernő von Dohnányi / </b><i><span style="font-weight: 400;">Serenáda pre sláčikové trio, op. 10 / Serenade for a String Trio, Op. 10 / </span></i><span style="font-weight: 400;">I. Marcia: Allegro </span></p>
<p><b>02 Reinhold Glière / </b><i><span style="font-weight: 400;">Osem skladieb pre husle a violončelo, op. 39 / Huit Morceaux pour Violon et Violoncelle, Op. 39 / </span></i><span style="font-weight: 400;">III. Berceuse </span></p>
<p><b>03 Reinhold Glière / </b><i><span style="font-weight: 400;">Desať duet pre dve violončelá, op. 53 / Dix Duos pour deux Violoncelles, Op.53 / </span></i><span style="font-weight: 400;">II. Leggiero</span></p>
<p><b>04 Dmitrij Šostakovič / </b><i><span style="font-weight: 400;">Klavírne trio č. 2 e mol, op. 67 /Piano Trio No. 2 in E Minor, Op. 67 </span></i><span style="font-weight: 400;">III. Largo </span></p>
<p><b>05 Ernő von Dohnányi / </b><i><span style="font-weight: 400;">Klavírne kvinteto č. 1 c mol, op. 1 / Piano Quintet No. 1 in C Minor, Op. 1</span></i></p>
<p><b>06 Bohuslav Martinů / </b><i><span style="font-weight: 400;">Klavírne trio č. 2 d mol H 327 / Piano Trio No. 2 in D Minor H 327 </span></i><span style="font-weight: 400;">III. Allegro</span></p>
<p><b>07 Felix Mendelssohn / </b><i><span style="font-weight: 400;">Pieseň bez slov, op. 109</span></i><span style="font-weight: 400;"> / </span><i><span style="font-weight: 400;">Lied ohne Worte, Op. 109</span></i></p>
<p><b>08 Astor Piazzolla / </b><i><span style="font-weight: 400;">Five Tango Sensations / </span></i><span style="font-weight: 400;">II. „Loving“</span></p>
<p><b>09 </b><i><span style="font-weight: 400;">Joj, mamo</span></i><span style="font-weight: 400;"> / Ida Kelarová, Ondrej Krajňák</span></p>
<p><b>10 Pacora trio &amp; Komorní sólisti Bratislava / </b><i><span style="font-weight: 400;">Haluška</span></i></p>
<p><b>11 Marián Varga / </b><i><span style="font-weight: 400;">Antifona</span></i><span style="font-weight: 400;"> </span></p>
<p><b>12 Oliver Messiaen / </b><i><span style="font-weight: 400;">Quatuor pour la fin du temps / </span></i><span style="font-weight: 400;">VI. Louange à l&#8217;Éternité de Jésus/ Praise to the eternity of Jesus </span></p>
<p><b>13 Daniel Matej / </b><i><span style="font-weight: 400;">Wenn Wir in höchsten Noten sein</span></i></p>
<p><b>14</b> <b>Peter Ablinger / </b><i><span style="font-weight: 400;">B-A-C-H pre violu, basklarinet a klávesy</span></i></p>
